{"id":935,"date":"2014-10-09T19:09:04","date_gmt":"2014-10-09T22:09:04","guid":{"rendered":"http:\/\/novaes-c-politico.com.br\/?page_id=935"},"modified":"2022-07-31T14:25:41","modified_gmt":"2022-07-31T17:25:41","slug":"links","status":"publish","type":"page","link":"https:\/\/novaes-c-politico.com.br\/?page_id=935","title":{"rendered":"LINKS"},"content":{"rendered":"\n<p class=\"has-text-align-center\"><strong><a href=\"https:\/\/novaes-c-politico.com.br\/wp-content\/uploads\/2022\/07\/LITERATURA-CONTRA-IMOBILISMO-NA-RUSSIA-DO-SECULO-XIX_Carlos-NOVAES_VERSAO_FINAL.pdf\">LITERATURA CONTRA IMOBILISMO NA R\u00daSSIA DO S\u00c9CULO XIX<\/a><\/strong><\/p>\n\n\n\n<p class=\"has-text-align-center\"><em><a href=\"https:\/\/novaes-c-politico.com.br\/wp-content\/uploads\/2022\/07\/LITERATURA-CONTRA-IMOBILISMO-NA-RUSSIA-DO-SECULO-XIX_Carlos-NOVAES_VERSAO_FINAL.pdf\">Realismo liter\u00e1rio como cr\u00edtica em obras-primas de Aleksandr P\u00fachkin e Ivan Turgu\u00eaniev<\/a><\/em><\/p>\n","protected":false},"excerpt":{"rendered":"<p>LITERATURA CONTRA IMOBILISMO NA R\u00daSSIA DO S\u00c9CULO XIX Realismo liter\u00e1rio como cr\u00edtica em obras-primas de Aleksandr P\u00fachkin e Ivan Turgu\u00eaniev<\/p>\n","protected":false},"author":1338,"featured_media":0,"parent":0,"menu_order":0,"comment_status":"open","ping_status":"open","template":"","meta":{"footnotes":""},"class_list":["post-935","page","type-page","status-publish","hentry"],"_links":{"self":[{"href":"https:\/\/novaes-c-politico.com.br\/index.php?rest_route=\/wp\/v2\/pages\/935","targetHints":{"allow":["GET"]}}],"collection":[{"href":"https:\/\/novaes-c-politico.com.br\/index.php?rest_route=\/wp\/v2\/pages"}],"about":[{"href":"https:\/\/novaes-c-politico.com.br\/index.php?rest_route=\/wp\/v2\/types\/page"}],"author":[{"embeddable":true,"href":"https:\/\/novaes-c-politico.com.br\/index.php?rest_route=\/wp\/v2\/users\/1338"}],"replies":[{"embeddable":true,"href":"https:\/\/novaes-c-politico.com.br\/index.php?rest_route=%2Fwp%2Fv2%2Fcomments&post=935"}],"version-history":[{"count":15,"href":"https:\/\/novaes-c-politico.com.br\/index.php?rest_route=\/wp\/v2\/pages\/935\/revisions"}],"predecessor-version":[{"id":6997,"href":"https:\/\/novaes-c-politico.com.br\/index.php?rest_route=\/wp\/v2\/pages\/935\/revisions\/6997"}],"wp:attachment":[{"href":"https:\/\/novaes-c-politico.com.br\/index.php?rest_route=%2Fwp%2Fv2%2Fmedia&parent=935"}],"curies":[{"name":"wp","href":"https:\/\/api.w.org\/{rel}","templated":true}]}}

<p class="has-text-align-center"><strong><a href="https://novaes-c-politico.com.br/wp-content/uploads/2022/07/LITERATURA-CONTRA-IMOBILISMO-NA-RUSSIA-DO-SECULO-XIX_Carlos-NOVAES_VERSAO_FINAL.pdf">LITERATURA CONTRA IMOBILISMO NA RÚSSIA DO SÉCULO XIX</a></strong></p>



<p class="has-text-align-center"><em><a href="https://novaes-c-politico.com.br/wp-content/uploads/2022/07/LITERATURA-CONTRA-IMOBILISMO-NA-RUSSIA-DO-SECULO-XIX_Carlos-NOVAES_VERSAO_FINAL.pdf">Realismo literário como crítica em obras-primas de Aleksandr Púchkin e Ivan Turguêniev</a></em></p>

<p>LITERATURA CONTRA IMOBILISMO NA RÚSSIA DO SÉCULO XIX Realismo literário como crítica em obras-primas de Aleksandr Púchkin e Ivan Turguêniev</p>
